 prime number?
False
Is 1979310293 prime?
False
Is 30209317 a composite number?
False
Is 8713687273 composite?
False
Is 279348618353 a prime number?
False
Is 1575463381 composite?
False
Is 19154692757 prime?
True
Is 1958659337 a prime number?
True
Is 342193661 prime?
False
Is 72376052813 a prime number?
True
Is 3671738131 a composite number?
False
Is 449554489 a prime number?
False
Is 53938019017 composite?
False
Is 11103504917 composite?
True
Is 362220499 a prime number?
True
Is 8750068477 a prime number?
True
Is 57410694703 a composite number?
True
Is 31855282759 a composite number?
False
Is 19587566221 prime?
True
Is 9459640129 prime?
True
Is 18103078241 a prime number?
True
Is 323170607 composite?
False
Is 334730449 composite?
False
Is 693950617 composite?
False
Is 463707353 a composite number?
True
Is 270485629 prime?
False
Is 4278352369 a prime number?
True
Is 497588633 a prime number?
False
Is 68611243 a composite number?
True
Is 3924770657 composite?
True
Is 3574039067 prime?
True
Is 4866177187 a prime number?
True
Is 5089357057 a composite number?
False
Is 19497799 prime?
False
Is 107617649 composite?
False
Is 8192962597 composite?
True
Is 3891425599 a prime number?
False
Is 9879992177 a prime number?
False
Is 1537357726 a composite number?
True
Is 176413751 prime?
True
Is 16375225717 composite?
True
Is 2628251753 a composite number?
False
Is 914282341 a composite number?
True
Is 4194743543 a composite number?
False
Is 1301162521 a prime number?
True
Is 1331302627 composite?
False
Is 14205849703 a prime number?
True
Is 8925270023 a composite number?
True
Is 4499553263 a composite number?
True
Is 17057200067 prime?
True
Is 2650041143 a prime number?
False
Is 3564612539 a prime number?
True
Is 262869991 composite?
False
Is 935042599 a composite number?
True
Is 8070180241 prime?
True
Is 662216749 composite?
False
Is 3106909183 composite?
True
Is 3093825673 prime?
True
Is 123496547 prime?
True
Is 10460414089 a prime number?
True
Is 824481653 composite?
False
Is 89409956437 a prime number?
True
Is 4684505093 composite?
True
Is 54973121339 a composite number?
False
Is 376588699 a prime number?
False
Is 5433275521 a prime number?
False
Is 3032066177 prime?
False
Is 399581071 a prime number?
True
Is 2564431099 a prime number?
True
Is 14768317 a composite number?
False
Is 5960128831 composite?
True
Is 921962807 composite?
False
Is 1733009533 prime?
True
Is 1538952341 composite?
False
Is 15421404767 prime?
True
Is 228375969 a composite number?
True
Is 14676525551 composite?
False
Is 1424258909 prime?
False
Is 91685422105 a prime number?
False
Is 627348077 a prime number?
True
Is 796387217 a prime number?
False
Is 141412021 composite?
False
Is 38312959 composite?
False
Is 1040866349 prime?
True
Is 136650079 composite?
True
Is 3357485337 prime?
False
Is 8892337463 a prime number?
True
Is 1149972011 a composite number?
False
Is 7086798377 a composite number?
True
Is 799059505 composite?
True
Is 159324421 a prime number?
False
Is 6444818987 composite?
True
Is 345536771 prime?
True
Is 748240151 a prime number?
False
Is 287521129587 a prime number?
False
Is 2261846649 composite?
True
Is 2020579853 prime?
False
Is 311332022 composite?
True
Is 2514550751 composite?
True
Is 1331412673 composite?
False
Is 18821844253 a composite number?
True
Is 1137963839 a composite number?
False
Is 4830452173 prime?
False
Is 461977171 a prime number?
True
Is 1307222269 composite?
False
Is 3917966329 a prime number?
False
Is 3372868063 prime?
False
Is 21117271831 composite?
True
Is 2731548487 composite?
False
Is 3634951601 prime?
False
Is 47083755793 a prime number?
True
Is 10553445527 composite?
True
Is 3503824843 a composite number?
False
Is 6350767109 prime?
False
Is 414602462423 prime?
True
Is 7249118567 a prime number?
False
Is 3892214957 a prime number?
False
Is 6126178561 prime?
False
Is 2237603273 prime?
False
Is 3925151 a prime number?
True
Is 37821608329 prime?
False
Is 11657906411 prime?
True
Is 55106994821 composite?
False
Is 28462046711 prime?
False
Is 298280197 a composite number?
False
Is 3619338211 prime?
True
Is 671120971 prime?
True
Is 118382353 composite?
False
Is 667522729 a prime number?
True
Is 4666311833 a prime number?
True
Is 1186600333 a composite number?
True
Is 9008138731 a prime number?
True
Is 880448587 a prime number?
True
Is 239680087 a prime number?
True
Is 26720705729 composite?
True
Is 8264380121 prime?
True
Is 2084820271 composite?
False
Is 217032371 prime?
True
Is 5702675717 a composite number?
False
Is 1957355135 a prime number?
False
Is 856474823 prime?
False
Is 179429359 a composite number?
True
Is 2725604114 a prime number?
False
Is 11998785377 a prime number?
True
Is 33500443 a composite number?
True
Is 8644653803 composite?
True
Is 1968328657 a prime number?
True
Is 39412651547 a prime number?
False
Is 1272901801 a prime number?
True
Is 2225293577 a composite number?
True
Is 12354007 a prime number?
False
Is 6042224533 a composite number?
False
Is 953206607 a composite number?
False
Is 1091013614 a composite number?
True
Is 79950019 a prime number?
False
Is 4038088091 a prime number?
False
Is 31011360379 a composite number?
False
Is 549751583 a composite number?
True
Is 153022808139 a prime number?
False
Is 9043432681 composite?
False
Is 107711936539 a prime number?
False
Is 648339401 a composite number?
True
Is 39586562 a composite number?
True
Is 1176556039 a composite number?
False
Is 2738943557 a composite number?
True
Is 1540491773 composite?
True
Is 843487397 a composite number?
False
Is 10074219131 a composite number?
False
Is 80586139 composite?
False
Is 2226811853 composite?
True
Is 80187817 a prime number?
True
Is 22496161651 a prime number?
True
Is 300657101 prime?
False
Is 8962638641 prime?
False
Is 221592914 a composite number?
True
Is 80228848723 a composite number?
False
Is 3098816683 prime?
False
Is 2800721659 prime?
True
Is 149566367 composite?
False
Is 7188858073 prime?
False
Is 49802033 composite?
True
Is 51064707957 composite?
True
Is 14372370667 a prime number?
True
Is 327426857 a prime number?
True
Is 108017879 a prime number?
True
Is 588978337 prime?
True
Is 280361761 composite?
False
Is 223250387 composite?
False
Is 197959193345 a prime number?
False
Is 4022057365 a composite number?
True
Is 502519649 a composite number?
False
Is 8750798369 a prime number?
False
Is 2616817271 prime?
True
Is 745731159 composite?
True
Is 23358520769 a composite number?
False
Is 422430564203 a prime number?
True
Is 139489409 composite?
True
Is 19237844651 composite?
False
Is 313762384829 prime?
True
Is 58388985079 prime?
False
Is 175440464827 composite?
False
Is 20341576907 prime?
False
Is 2670663283 prime?
False
Is 10658871367 a prime number?
False
Is 18226082713 a composite number?
False
Is 13934381 a prime number?
False
Is 434656333 a prime number?
False
Is 24676021 composite?
False
Is 3651048131 composite?
False
Is 51945115333 composite?
True
Is 43943947 prime?
True
Is 585936997 a composite number?
False
Is 3255695081 prime?
True
Is 20170406129 prime?
True
Is 637048561 prime?
False
Is 2735610533 a prime number?
False
Is 82071718177 a prime number?
False
Is 2814448729 a composite number?
True
Is 944918579 composite?
True
Is 10103072999 a prime number?
False
Is 118265284481 composite?
False
Is 26177937859 prime?
False
Is 1782240779 prime?
False
Is 505503367 prime?
False
Is 74301919097 prime?
False
Is 39699382837 a composite number?
True
Is 8770757399 prime?
False
Is 72100538747 composite?
False
Is 670835149 composite?
True
Is 2253608429 composite?
False
Is 451545179 a prime number?
False
Is 917714411 a prime number?
False
Is 2264456837 a prime number?
True
Is 87187831 prime?
False
Is 1198426601 a composite number?
True
Is 124648457 composite?
False
Is 89133114451 prime?
True
Is 1370074343 prime?
False
Is 522677239 composite?
True
Is 1125886661 composite?
False
Is 39050631155 a prime number?
False
Is 9109900097 composite?
True
Is 3013758173 a prime number?
False
Is 579667807 a composite number?
False
Is 2964959173 a composite number?
True
Is 3062426811 composite?
True
Is 28504634545 a prime number?
False
Is 2340743519 a composite number?
False
Is 4045691297 a prime number?
False
Is 14346008657 prime?
False
Is 28887936